actors of 257902581?
3, 1091, 78797
List the prime factors of 2188742910.
2, 3, 5, 31, 2353487
List the prime factors of 774360396.
2, 3, 21510011
List the prime factors of 25013602.
2, 29, 431269
What are the prime factors of 127480824?
2, 3, 17, 149, 233
What are the prime factors of 2236285553?
17, 1451, 90659
List the prime factors of 659742117.
3, 661, 332699
List the prime factors of 293791967.
7, 41970281
List the prime factors of 231927957.
3, 17, 31, 107, 457
List the prime factors of 25489287.
3, 2832143
What are the prime factors of 86880438?
2, 3, 17, 31547
What are the prime factors of 8248311037?
23, 127, 241, 11717
What are the prime factors of 976756653?
3, 41, 43, 61559
List the prime factors of 21149814.
2, 3, 7, 103, 4889
What are the prime factors of 1899464640?
2, 3, 5, 743, 2663
List the prime factors of 479496157.
7, 23, 71, 41947
List the prime factors of 145179258.
2, 3, 7, 493807
List the prime factors of 580877839.
580877839
List the prime factors of 1468970580.
2, 3, 5, 7, 11, 317959
What are the prime factors of 3954680340?
2, 3, 5, 13, 421, 12043
What are the prime factors of 71225187?
3, 11, 89, 24251
List the prime factors of 214162410.
2, 3, 5, 7, 11, 83, 1117
What are the prime factors of 753944985?
3, 5, 17, 19, 51871
List the prime factors of 167092763.
811, 206033
List the prime factors of 1026490578.
2, 3, 89, 263, 7309
List the prime factors of 784596503.
784596503
What are the prime factors of 2010126?
2, 3, 335021
List the prime factors of 5825520355.
5, 67, 151, 115163
What are the prime factors of 955590343?
955590343
List the prime factors of 12589507.
7, 71, 73, 347
What are the prime factors of 4162483791?
3, 227, 2037437
What are the prime factors of 2263311807?
3, 41, 18400909
List the prime factors of 715408992.
2, 3, 2484059
What are the prime factors of 2133740525?
5, 7, 97, 17957
List the prime factors of 9859727.
19, 518933
What are the prime factors of 36874122?
2, 3, 17, 361511
List the prime factors of 75937026.
2, 3, 11, 1150561
What are the prime factors of 602035829?
602035829
List the prime factors of 8482403.
8482403
List the prime factors of 93407532.
2, 3, 1283, 6067
What are the prime factors of 75777264?
2, 3, 526231
What are the prime factors of 807723693?
3, 7, 31, 59083
What are the prime factors of 5109348985?
5, 13, 78605369
List the prime factors of 78938983.
78938983
What are the prime factors of 167754801?
3, 23, 67, 131, 277
List the prime factors of 122776274.
2, 61388137
List the prime factors of 812793702.
2, 3, 7, 19352231
What are the prime factors of 137424724?
2, 23, 113, 13219
List the prime factors of 76716973.
643, 119311
List the prime factors of 87638676.
2, 3, 307, 23789
List the prime factors of 4315339394.
2, 19, 53, 1439, 1489
What are the prime factors of 133603612?
2, 17, 59, 33301
List the prime factors of 1192852319.
19, 41, 101, 15161
What are the prime factors of 964210646?
2, 7, 23, 2994443
List the prime factors of 3017649515.
5, 17, 37, 67, 14321
What are the prime factors of 873067781?
53, 59, 279203
What are the prime factors of 34518454?
2, 17259227
List the prime factors of 80736484.
2, 167, 120863
What are the prime factors of 319107374?
2, 17, 9385511
What are the prime factors of 6584652442?
2, 61, 1171, 46091
List the prime factors of 211687929.
3, 23, 59, 17333
List the prime factors of 288478256.
2, 11, 1639081
What are the prime factors of 592179838?
2, 191, 1550209
List the prime factors of 976733802.
2, 3, 11, 31, 17681
List the prime factors of 25944733.
37, 701209
What are the prime factors of 5054478739?
1153, 4383763
What are the prime factors of 802121859?
3, 7, 11, 163, 263
What are the prime factors of 1317029433?
3, 293, 1498327
List the prime factors of 5420180871.
3, 7, 211, 407747
List the prime factors of 369045303.
3, 11, 19, 61, 9649
What are the prime factors of 146724164?
2, 5189, 7069
List the prime factors of 1123426587.
3, 67, 5589187
List the prime factors of 1626422144.
2, 307, 41389
What are the prime factors of 1798329957?
3, 23, 757, 34429
List the prime factors of 5758108461.
3, 7, 37, 66763
List the prime factors of 125326040.
2, 5, 7, 17, 113, 233
What are the prime factors of 59202910?
2, 5, 13, 455407
List the prime factors of 1074078.
2, 3, 59671
What are the prime factors of 7105459607?
311, 389, 58733
What are the prime factors of 928732670?
2, 5, 139, 668153
List the prime factors of 40369829.
40369829
List the prime factors of 423269643.
3, 349, 404269
What are the prime factors of 13972081?
13972081
List the prime factors of 2550163945.
5, 7, 19, 3834833
What are the prime factors of 30844173?
3, 23, 47, 9511
List the prime factors of 55385351.
7, 97, 81569
What are the prime factors of 58092232?
2, 11, 73, 9043
What are the prime factors of 60975503?
19, 157, 20441
List the prime factors of 96340000.
2, 5, 4817
List the prime factors of 14537015.
5, 181, 16063
List the prime factors of 570056581.
570056581
List the prime factors of 4559418834.
2, 3, 759903139
List the prime factors of 1435917367.
89, 163, 98981
List the prime factors of 41014832.
2, 47, 54541
List the prime factors of 1720819972.
2, 430204993
List the prime factors of 1799949041.
11, 163631731
What are the prime factors of 1717302159?
3, 190811351
What are the prime factors of 46572093?
3, 5174677
What are the prime factors of 565838606?
2, 79, 3581257
List the prime factors of 449562964.
2, 4241, 26501
List the prime factors of 59985860.
2, 5, 11, 17, 43, 373
List the prime factors of 480164796.
2, 3, 17, 784583
What are the prime factors of 1522237603?
163, 9338881
List the prime factors of 52718384.
2, 3294899
What are the prime factors of 32651441?
17, 353, 5441
What are the prime factors of 3373364584?
2, 421670573
List the prime factors of 434035629.
3, 48226181
What are the prime factors of 82087649?
7, 101, 116107
What are the prime factors of 1643327459?
677, 883, 2749
List the prime factors of 3483980702.
2, 1741990351
List the prime factors of 4442163.
3, 11, 227, 593
What are the prime factors of 383782675?
5, 1543, 9949
What are the prime factors of 101818849?
11, 31, 298589
What are the prime factors of 370397868?
2, 3, 1193, 25873
List the prime factors of 4035318856.
2, 31, 47, 346201
What are the prime factors of 500528189?
7, 113, 90397
List the prime factors of 3202429534.
2, 2053, 779939
List the prime factors of 25209259.
25209259
What are the prime factors of 4356389886?
2, 3, 31, 467, 50153
What are the prime factors of 56894323?
67, 313, 2713
What are the prime factors of 1081628202?
2, 3, 47, 1291, 2971
List the prime factors of 19218130.
2, 5, 1921813
What are the prime factors of 2044163636?
2, 511040909
What are the prime factors of 45233543?
223, 202841
List the prime factors of 507144336.
2, 3, 199, 53093
What are the prime factors of 1243227691?
47, 463, 57131
List the prime factors of 372346094.
2, 53, 3512699
List the prime factors of 336850841.
336850841
What are the prime factors of 2344386069?
3, 2417, 107773
List the prime factors of 667319053.
229, 701, 4157
What are the prime factors of 1960386522?
2, 3, 19, 173, 99401
What are the prime factors of 2974889?
23, 211, 613
List the prime factors of 48282738.
2, 3, 7, 29, 809
What are the prime factors of 48453586?
2, 4451, 5443
What are the prime factors of 24523749?
3, 908287
What are the prime factors of 226780377?
3, 29, 157, 16603
What are the prime factors of 300508162?
2, 127, 1183103
List the prime factors of 3350909334.
2, 3, 2687, 207847
What are the prime factors of 116086123?
116086123
List the prime factors of 26606445.
3, 5, 17, 103, 1013
What are the prime factors of 13381951?
11, 89, 13669
List the prime factors of 5222147475.
3, 5, 61, 1141453
What are the prime factors of 350696953?
350696953
What are the prime factors of 2771093948?
2, 7, 98967641
What are the prime factors of 172379570?
2, 5, 11, 1567087
List the prime factors of 176351414.
2, 41, 131, 16417
What are the prime factors of 1882284421?
17, 110722613
List the prime factors of 52242288.
2, 3, 7, 89, 1747
List the prime factors of 512285957.
29, 17665033
List the prime factors of 35908021.
35908021
List the prime factors of 386674186.
2, 421, 459233
List the pri